{"id":6627,"date":"2018-02-23T22:10:20","date_gmt":"2018-02-23T21:10:20","guid":{"rendered":"https:\/\/www.labelleviededaniel.fr\/wp-content\/uploads\/2018\/02\/S\u00e9verin-Louis-BLONDEL-et-ma-grand-m\u00e8re-paternelle.jpg"},"modified":"2018-02-23T22:10:20","modified_gmt":"2018-02-23T21:10:20","slug":"severin-louis-blondel-et-ma-grand-mere-paternelle","status":"inherit","type":"attachment","link":"https:\/\/www.labelleviededaniel.fr\/?attachment_id=6627","title":{"rendered":"S\u00e9verin Louis BLONDEL et ma grand-m\u00e8re paternelle"},"author":1,"featured_media":0,"comment_status":"open","ping_status":"closed","template":"","meta":[],"class_list":["post-6627","attachment","type-attachment","status-inherit","hentry"],"description":{"rendered":"<p class=\"attachment\"><a href='https:\/\/www.labelleviededaniel.fr\/wp-content\/uploads\/2018\/02\/S\u00e9verin-Louis-BLONDEL-et-ma-grand-m\u00e8re-paternelle.jpg'><img loading=\"lazy\" decoding=\"async\" width=\"177\" height=\"300\" src=\"https:\/\/www.labelleviededaniel.fr\/wp-content\/uploads\/2018\/02\/S\u00e9verin-Louis-BLONDEL-et-ma-grand-m\u00e8re-paternelle-177x300.jpg\" class=\"attachment-medium size-medium\" alt=\"\" srcset=\"https:\/\/www.labelleviededaniel.fr\/wp-content\/uploads\/2018\/02\/S\u00e9verin-Louis-BLONDEL-et-ma-grand-m\u00e8re-paternelle-177x300.jpg 177w, https:\/\/www.labelleviededaniel.fr\/wp-content\/uploads\/2018\/02\/S\u00e9verin-Louis-BLONDEL-et-ma-grand-m\u00e8re-paternelle.jpg 317w\" sizes=\"auto, (max-width: 177px) 100vw, 177px\" \/><\/a><\/p>\n"},"caption":{"rendered":""},"alt_text":"","media_type":"image","mime_type":"image\/jpeg","media_details":{"width":317,"height":538,"file":"2018\/02\/S\u00e9verin-Louis-BLONDEL-et-ma-grand-m\u00e8re-paternelle.jpg","sizes":{"thumbnail":{"file":"S\u00e9verin-Louis-BLONDEL-et-ma-grand-m\u00e8re-paternelle-150x150.jpg","width":150,"height":150,"mime_type":"image\/jpeg","source_url":"https:\/\/www.labelleviededaniel.fr\/wp-content\/uploads\/2018\/02\/S\u00e9verin-Louis-BLONDEL-et-ma-grand-m\u00e8re-paternelle-150x150.jpg"},"medium":{"file":"S\u00e9verin-Louis-BLONDEL-et-ma-grand-m\u00e8re-paternelle-177x300.jpg","width":177,"height":300,"mime_type":"image\/jpeg","source_url":"https:\/\/www.labelleviededaniel.fr\/wp-content\/uploads\/2018\/02\/S\u00e9verin-Louis-BLONDEL-et-ma-grand-m\u00e8re-paternelle-177x300.jpg"},"post-thumbnail":{"file":"S\u00e9verin-Louis-BLONDEL-et-ma-grand-m\u00e8re-paternelle-317x270.jpg","width":317,"height":270,"mime_type":"image\/jpeg","source_url":"https:\/\/www.labelleviededaniel.fr\/wp-content\/uploads\/2018\/02\/S\u00e9verin-Louis-BLONDEL-et-ma-grand-m\u00e8re-paternelle-317x270.jpg"},"full":{"file":"S\u00e9verin-Louis-BLONDEL-et-ma-grand-m\u00e8re-paternelle.jpg","width":317,"height":538,"mime_type":"image\/jpeg","source_url":"https:\/\/www.labelleviededaniel.fr\/wp-content\/uploads\/2018\/02\/S\u00e9verin-Louis-BLONDEL-et-ma-grand-m\u00e8re-paternelle.jpg"}},"image_meta":{"aperture":"0","credit":"Daniel","camera":"","caption":"","created_timestamp":"1519416594","copyright":"","focal_length":"0","iso":"0","shutter_speed":"0","title":"","orientation":"0","keywords":[]}},"post":6093,"source_url":"https:\/\/www.labelleviededaniel.fr\/wp-content\/uploads\/2018\/02\/S\u00e9verin-Louis-BLONDEL-et-ma-grand-m\u00e8re-paternelle.jpg","_links":{"self":[{"href":"https:\/\/www.labelleviededaniel.fr\/index.php?rest_route=\/wp\/v2\/media\/6627","targetHints":{"allow":["GET"]}}],"collection":[{"href":"https:\/\/www.labelleviededaniel.fr\/index.php?rest_route=\/wp\/v2\/media"}],"about":[{"href":"https:\/\/www.labelleviededaniel.fr\/index.php?rest_route=\/wp\/v2\/types\/attachment"}],"author":[{"embeddable":true,"href":"https:\/\/www.labelleviededaniel.fr\/index.php?rest_route=\/wp\/v2\/users\/1"}],"replies":[{"embeddable":true,"href":"https:\/\/www.labelleviededaniel.fr\/index.php?rest_route=%2Fwp%2Fv2%2Fcomments&post=6627"}],"wp:attached-to":[{"embeddable":true,"post_type":"page","id":6093,"href":"https:\/\/www.labelleviededaniel.fr\/index.php?rest_route=\/wp\/v2\/pages\/6093"}],"curies":[{"name":"wp","href":"https:\/\/api.w.org\/{rel}","templated":true}]}}

https://www.labelleviededaniel.fr/wp-content/uploads/2018/02/Séverin-Louis-BLONDEL-et-ma-grand-mère-paternelle.jpg

Séverin Louis BLONDEL et ma grand-mère paternelle

<p class="attachment"><a href='https://www.labelleviededaniel.fr/wp-content/uploads/2018/02/Séverin-Louis-BLONDEL-et-ma-grand-mère-paternelle.jpg'><img loading="lazy" decoding="async" width="177" height="300" src="https://www.labelleviededaniel.fr/wp-content/uploads/2018/02/Séverin-Louis-BLONDEL-et-ma-grand-mère-paternelle-177x300.jpg" class="attachment-medium size-medium" alt="" srcset="https://www.labelleviededaniel.fr/wp-content/uploads/2018/02/Séverin-Louis-BLONDEL-et-ma-grand-mère-paternelle-177x300.jpg 177w, https://www.labelleviededaniel.fr/wp-content/uploads/2018/02/Séverin-Louis-BLONDEL-et-ma-grand-mère-paternelle.jpg 317w" sizes="auto, (max-width: 177px) 100vw, 177px" /></a></p>

2018/02/Séverin-Louis-BLONDEL-et-ma-grand-mère-paternelle.jpg

Séverin-Louis-BLONDEL-et-ma-grand-mère-paternelle-150x150.jpg

https://www.labelleviededaniel.fr/wp-content/uploads/2018/02/Séverin-Louis-BLONDEL-et-ma-grand-mère-paternelle-150x150.jpg

Séverin-Louis-BLONDEL-et-ma-grand-mère-paternelle-177x300.jpg

https://www.labelleviededaniel.fr/wp-content/uploads/2018/02/Séverin-Louis-BLONDEL-et-ma-grand-mère-paternelle-177x300.jpg

Séverin-Louis-BLONDEL-et-ma-grand-mère-paternelle-317x270.jpg

https://www.labelleviededaniel.fr/wp-content/uploads/2018/02/Séverin-Louis-BLONDEL-et-ma-grand-mère-paternelle-317x270.jpg

Séverin-Louis-BLONDEL-et-ma-grand-mère-paternelle.jpg
