{"id":124,"date":"2014-02-22T17:12:16","date_gmt":"2014-02-22T16:12:16","guid":{"rendered":"https:\/\/www.labelleviededaniel.fr\/?page_id=124"},"modified":"2017-03-23T15:29:21","modified_gmt":"2017-03-23T14:29:21","slug":"randonnee","status":"publish","type":"page","link":"https:\/\/www.labelleviededaniel.fr\/?page_id=124","title":{"rendered":"Randonn\u00e9es"},"content":{"rendered":"<p>Vid\u00e9o sur la for\u00eat de Saint-Germain-en-Laye ( INA, 1997)<br \/>\n<iframe loading=\"lazy\" src=\"https:\/\/player.ina.fr\/player\/embed\/PAC9707251366\/1\/1b0bd203fbcd702f9bc9b10ac3d0fc21\/460\/259\/1\" width=\"460\" height=\"259\" frameborder=\"0\" marginwidth=\"0\" marginheight=\"0\" scrolling=\"no\" allowfullscreen=\"allowfullscreen\"><\/iframe><\/p>\n","protected":false},"excerpt":{"rendered":"<p>Vid\u00e9o sur la for\u00eat de Saint-Germain-en-Laye ( INA, 1997)<\/p>\n","protected":false},"author":1,"featured_media":0,"parent":9,"menu_order":0,"comment_status":"open","ping_status":"open","template":"","meta":{"footnotes":""},"class_list":["post-124","page","type-page","status-publish","hentry"],"_links":{"self":[{"href":"https:\/\/www.labelleviededaniel.fr\/index.php?rest_route=\/wp\/v2\/pages\/124","targetHints":{"allow":["GET"]}}],"collection":[{"href":"https:\/\/www.labelleviededaniel.fr\/index.php?rest_route=\/wp\/v2\/pages"}],"about":[{"href":"https:\/\/www.labelleviededaniel.fr\/index.php?rest_route=\/wp\/v2\/types\/page"}],"author":[{"embeddable":true,"href":"https:\/\/www.labelleviededaniel.fr\/index.php?rest_route=\/wp\/v2\/users\/1"}],"replies":[{"embeddable":true,"href":"https:\/\/www.labelleviededaniel.fr\/index.php?rest_route=%2Fwp%2Fv2%2Fcomments&post=124"}],"version-history":[{"count":5,"href":"https:\/\/www.labelleviededaniel.fr\/index.php?rest_route=\/wp\/v2\/pages\/124\/revisions"}],"predecessor-version":[{"id":4993,"href":"https:\/\/www.labelleviededaniel.fr\/index.php?rest_route=\/wp\/v2\/pages\/124\/revisions\/4993"}],"up":[{"embeddable":true,"href":"https:\/\/www.labelleviededaniel.fr\/index.php?rest_route=\/wp\/v2\/pages\/9"}],"wp:attachment":[{"href":"https:\/\/www.labelleviededaniel.fr\/index.php?rest_route=%2Fwp%2Fv2%2Fmedia&parent=124"}],"curies":[{"name":"wp","href":"https:\/\/api.w.org\/{rel}","templated":true}]}}