{"id":1491,"date":"2015-09-11T16:48:45","date_gmt":"2015-09-11T15:48:45","guid":{"rendered":"https:\/\/www.labelleviededaniel.fr\/?page_id=1491"},"modified":"2016-04-09T09:00:53","modified_gmt":"2016-04-09T08:00:53","slug":"fin-de-droits-de-isabelle-marie-ed-first-documents-avril-2014","status":"publish","type":"page","link":"https:\/\/www.labelleviededaniel.fr\/?page_id=1491","title":{"rendered":"\u00ab\u00a0Fin de droits\u00a0\u00bb de Isabelle Marie, Ed First Documents, avril 2014"},"content":{"rendered":"<p><a href=\"https:\/\/www.labelleviededaniel.fr\/wp-content\/uploads\/2015\/09\/fin-de-droits.jpg\"><img loading=\"lazy\" decoding=\"async\" class=\"size-medium wp-image-1501 aligncenter\" src=\"https:\/\/www.labelleviededaniel.fr\/wp-content\/uploads\/2015\/09\/fin-de-droits-186x300.jpg\" alt=\"fin de droits\" width=\"186\" height=\"300\" \/><\/a><\/p>\n<p>\u00ab Fin de droits !!! \u00c7a claque, et pas comme une jarretelle.<br \/>\nJe n&rsquo;ai pas lu la lettre, c&rsquo;est lui qui me l&rsquo;a dit.<br \/>\nIl vient de recevoir l&rsquo;avis de l&rsquo;Assedic. Le 10 octobre, il ne touchera plus d&rsquo;indemnit\u00e9s. Rien. Que dale. Nib. Pendant vingt-trois mois, on est un indemnis\u00e9.<br \/>\nEt le vingt-quatri\u00e8me, on n&rsquo;est plus rien. Et je sens bien que \u00e7a fait mal.<br \/>\n\u00c0 moi aussi. Une petite br\u00fblure dans la poitrine qui m&#8217;emp\u00eache de parler.<br \/>\n\u00c7a tombe bien, je n&rsquo;avais pas de mots&#8230;. \u00bb<\/p>\n<p>Fin de droits est le r\u00e9cit cru de trois ann\u00e9es de la vie d&rsquo;un couple frapp\u00e9 par le ch\u00f4mage de longue dur\u00e9e de l&rsquo;un des deux conjoints. Comment rester un couple, une famille, soi-m\u00eame, face \u00e0 un tel drame ? Isabelle Marie nous livre avec tact et pudeur un t\u00e9moignage aussi sinc\u00e8re qu&rsquo;\u00e9mouvant sur un des drames de notre \u00e9poque, le ch\u00f4mage.<\/p>\n","protected":false},"excerpt":{"rendered":"<p>\u00ab Fin de droits !!! \u00c7a claque, et pas comme une jarretelle. Je n&rsquo;ai pas lu la lettre, c&rsquo;est lui qui me l&rsquo;a dit. Il vient de recevoir l&rsquo;avis de l&rsquo;Assedic. Le 10 octobre, il ne touchera plus d&rsquo;indemnit\u00e9s. Rien. Que dale. Nib. Pendant vingt-trois mois, on est un indemnis\u00e9. Et le vingt-quatri\u00e8me, on n&rsquo;est &hellip; <a href=\"https:\/\/www.labelleviededaniel.fr\/?page_id=1491\" class=\"more-link\">Continuer la lecture de <span class=\"screen-reader-text\">\u00ab\u00a0Fin de droits\u00a0\u00bb de Isabelle Marie, Ed First Documents, avril 2014<\/span> <span class=\"meta-nav\">&rarr;<\/span><\/a><\/p>\n","protected":false},"author":1,"featured_media":0,"parent":3284,"menu_order":0,"comment_status":"closed","ping_status":"closed","template":"","meta":{"footnotes":""},"class_list":["post-1491","page","type-page","status-publish","hentry"],"_links":{"self":[{"href":"https:\/\/www.labelleviededaniel.fr\/index.php?rest_route=\/wp\/v2\/pages\/1491","targetHints":{"allow":["GET"]}}],"collection":[{"href":"https:\/\/www.labelleviededaniel.fr\/index.php?rest_route=\/wp\/v2\/pages"}],"about":[{"href":"https:\/\/www.labelleviededaniel.fr\/index.php?rest_route=\/wp\/v2\/types\/page"}],"author":[{"embeddable":true,"href":"https:\/\/www.labelleviededaniel.fr\/index.php?rest_route=\/wp\/v2\/users\/1"}],"replies":[{"embeddable":true,"href":"https:\/\/www.labelleviededaniel.fr\/index.php?rest_route=%2Fwp%2Fv2%2Fcomments&post=1491"}],"version-history":[{"count":2,"href":"https:\/\/www.labelleviededaniel.fr\/index.php?rest_route=\/wp\/v2\/pages\/1491\/revisions"}],"predecessor-version":[{"id":1508,"href":"https:\/\/www.labelleviededaniel.fr\/index.php?rest_route=\/wp\/v2\/pages\/1491\/revisions\/1508"}],"up":[{"embeddable":true,"href":"https:\/\/www.labelleviededaniel.fr\/index.php?rest_route=\/wp\/v2\/pages\/3284"}],"wp:attachment":[{"href":"https:\/\/www.labelleviededaniel.fr\/index.php?rest_route=%2Fwp%2Fv2%2Fmedia&parent=1491"}],"curies":[{"name":"wp","href":"https:\/\/api.w.org\/{rel}","templated":true}]}}