{"id":1497,"date":"2015-09-11T16:59:03","date_gmt":"2015-09-11T15:59:03","guid":{"rendered":"https:\/\/www.labelleviededaniel.fr\/?page_id=1497"},"modified":"2016-04-09T09:06:14","modified_gmt":"2016-04-09T08:06:14","slug":"vue-imprenable-sur-la-folie-du-monde-de-denis-robert","status":"publish","type":"page","link":"https:\/\/www.labelleviededaniel.fr\/?page_id=1497","title":{"rendered":"\u00ab\u00a0Vue imprenable sur la folie du monde\u00a0\u00bb, de Denis Robert, \u00e9d les Ar\u00e8nes, oct. 2013"},"content":{"rendered":"<p><a href=\"https:\/\/www.labelleviededaniel.fr\/wp-content\/uploads\/2015\/09\/vue-imprenable-sur-la-folie-du-monde.jpg\"><img loading=\"lazy\" decoding=\"async\" class=\"size-medium wp-image-1505 aligncenter\" src=\"https:\/\/www.labelleviededaniel.fr\/wp-content\/uploads\/2015\/09\/vue-imprenable-sur-la-folie-du-monde-196x300.jpg\" alt=\"vue imprenable sur la folie du monde\" width=\"196\" height=\"300\" \/><\/a><\/p>\n<p>\u00ab\u00a0J\u2019habite un no man\u2019s land, un pays de fer et de charbon. Ici, l\u2019avenir a longtemps repos\u00e9 sur son sous-sol, ses entrailles, ses galeries. Depuis une vingtaine d\u2019ann\u00e9es, les mines, les hauts fourneaux et les laminoirs ferment, rouillent, deviennent des mus\u00e9es ou sont d\u00e9mont\u00e9s pour \u00eatre export\u00e9s en Chine, en Cor\u00e9e ou au Vietnam. J\u2019aurais pu vivre ailleurs. Une machine \u00e0 \u00e9crire, un t\u00e9l\u00e9phone, une gare \u00e0 proximit\u00e9\u00a0: je n\u2019ai besoin de rien d\u2019autre. On m\u2019a propos\u00e9 des maisons dans le Sud pour pas trop cher, j\u2019ai toujours trouv\u00e9 des excuses pour rester au bord de la Moselle. Mon entourage fait pression pour qu\u2019on d\u00e9m\u00e9nage. Je r\u00e9siste. Je sais que l\u2019horizon est bouch\u00e9, qu\u2019on s\u2019emmerde dans ce coin, mais on s\u2019emmerde partout quand on n\u2019a plus de r\u00eaves. Et de ce bout de terre bord\u00e9 par trois fronti\u00e8res, la vue est imprenable sur la folie du monde.\u00a0\u00bb<\/p>\n","protected":false},"excerpt":{"rendered":"<p>\u00ab\u00a0J\u2019habite un no man\u2019s land, un pays de fer et de charbon. Ici, l\u2019avenir a longtemps repos\u00e9 sur son sous-sol, ses entrailles, ses galeries. Depuis une vingtaine d\u2019ann\u00e9es, les mines, les hauts fourneaux et les laminoirs ferment, rouillent, deviennent des mus\u00e9es ou sont d\u00e9mont\u00e9s pour \u00eatre export\u00e9s en Chine, en Cor\u00e9e ou au Vietnam. J\u2019aurais &hellip; <a href=\"https:\/\/www.labelleviededaniel.fr\/?page_id=1497\" class=\"more-link\">Continuer la lecture de <span class=\"screen-reader-text\">\u00ab\u00a0Vue imprenable sur la folie du monde\u00a0\u00bb, de Denis Robert, \u00e9d les Ar\u00e8nes, oct. 2013<\/span> <span class=\"meta-nav\">&rarr;<\/span><\/a><\/p>\n","protected":false},"author":1,"featured_media":0,"parent":3284,"menu_order":0,"comment_status":"closed","ping_status":"closed","template":"","meta":{"footnotes":""},"class_list":["post-1497","page","type-page","status-publish","hentry"],"_links":{"self":[{"href":"https:\/\/www.labelleviededaniel.fr\/index.php?rest_route=\/wp\/v2\/pages\/1497","targetHints":{"allow":["GET"]}}],"collection":[{"href":"https:\/\/www.labelleviededaniel.fr\/index.php?rest_route=\/wp\/v2\/pages"}],"about":[{"href":"https:\/\/www.labelleviededaniel.fr\/index.php?rest_route=\/wp\/v2\/types\/page"}],"author":[{"embeddable":true,"href":"https:\/\/www.labelleviededaniel.fr\/index.php?rest_route=\/wp\/v2\/users\/1"}],"replies":[{"embeddable":true,"href":"https:\/\/www.labelleviededaniel.fr\/index.php?rest_route=%2Fwp%2Fv2%2Fcomments&post=1497"}],"version-history":[{"count":4,"href":"https:\/\/www.labelleviededaniel.fr\/index.php?rest_route=\/wp\/v2\/pages\/1497\/revisions"}],"predecessor-version":[{"id":1517,"href":"https:\/\/www.labelleviededaniel.fr\/index.php?rest_route=\/wp\/v2\/pages\/1497\/revisions\/1517"}],"up":[{"embeddable":true,"href":"https:\/\/www.labelleviededaniel.fr\/index.php?rest_route=\/wp\/v2\/pages\/3284"}],"wp:attachment":[{"href":"https:\/\/www.labelleviededaniel.fr\/index.php?rest_route=%2Fwp%2Fv2%2Fmedia&parent=1497"}],"curies":[{"name":"wp","href":"https:\/\/api.w.org\/{rel}","templated":true}]}}