{"id":1519,"date":"2015-09-12T07:47:54","date_gmt":"2015-09-12T06:47:54","guid":{"rendered":"https:\/\/www.labelleviededaniel.fr\/?page_id=1519"},"modified":"2016-04-09T09:04:27","modified_gmt":"2016-04-09T08:04:27","slug":"pensees-en-chemin-de-axel-kahn-libre-de-poche-mai-2015","status":"publish","type":"page","link":"https:\/\/www.labelleviededaniel.fr\/?page_id=1519","title":{"rendered":"\u00ab\u00a0Pens\u00e9es en chemin\u00a0\u00bb de Axel Kahn, libre de poche, mai 2015"},"content":{"rendered":"<p><a href=\"https:\/\/www.labelleviededaniel.fr\/wp-content\/uploads\/2015\/09\/pens\u00e9es-en-chemin.jpg\"><img loading=\"lazy\" decoding=\"async\" class=\"size-medium wp-image-1527 aligncenter\" src=\"https:\/\/www.labelleviededaniel.fr\/wp-content\/uploads\/2015\/09\/pens\u00e9es-en-chemin-189x300.jpg\" alt=\"pens\u00e9es en chemin\" width=\"189\" height=\"300\" \/><\/a><\/p>\n<p>Axel Kahn marcheur ? On le savait g\u00e9n\u00e9ticien, m\u00e9decin, humaniste. On le d\u00e9couvre ici en randonneur de haut niveau, capable d\u2019avaler deux mille kilom\u00e8tres en parcourant \u00ab sa \u00bb France de la fronti\u00e8re belge dans les Ardennes \u00e0 la fronti\u00e8re espagnole sur la c\u00f4te atlantique, au Pays basque. Itin\u00e9raire buissonnier qui le conduit de la vall\u00e9e de la Meuse \u00e0 Saint-Jean-de-Luz, en passant par V\u00e9zelay, le Morvan, la Haute-Loire, les Causses et le chemin de Saint-Jacques-de-Compostelle pendant sept cents kilom\u00e8tres.<br \/>\nLe livre qu\u2019il a tir\u00e9 de ce p\u00e9riple est plusieurs choses \u00e0 la fois : un carnet de voyage curieux, dr\u00f4le, r\u00eaveur, o\u00f9 nous sont cont\u00e9es les anecdotes d\u2019une travers\u00e9e haute en couleurs ; une sorte de manuel d\u2019histoire, o\u00f9 remontent \u00e0 notre m\u00e9moire quelques-uns des lieux c\u00e9l\u00e8bres du pass\u00e9 de la France. Mais aussi une r\u00e9flexion sur l\u2019\u00e9tat de notre pays, la d\u00e9sertification de beaucoup de r\u00e9gions, la pauvret\u00e9 de certaines, les effets ravageurs de la mondialisation. \u00ab S\u00e9cession \u00bb, \u00e9nonce-t-il : \u00ab J\u2019appelle ainsi la rupture d\u2019une partie de la population avec la vie politique ordinaire, l\u2019apparente rationalit\u00e9 de son discours et ceux qui le tiennent. \u00bb Comme on voit, l\u2019humaniste engag\u00e9 n\u2019a pas disparu derri\u00e8re le marcheur.<br \/>\nEt puis ce livre est aussi l\u2019occasion de rencontrer \u00e0 chaque \u00e9tape des hommes et des femmes qui racontent chacun un bout de la vraie France d\u2019aujourd\u2019hui, celle dont on n\u2019entend jamais parler.<\/p>\n","protected":false},"excerpt":{"rendered":"<p>Axel Kahn marcheur ? On le savait g\u00e9n\u00e9ticien, m\u00e9decin, humaniste. On le d\u00e9couvre ici en randonneur de haut niveau, capable d\u2019avaler deux mille kilom\u00e8tres en parcourant \u00ab sa \u00bb France de la fronti\u00e8re belge dans les Ardennes \u00e0 la fronti\u00e8re espagnole sur la c\u00f4te atlantique, au Pays basque. Itin\u00e9raire buissonnier qui le conduit de la &hellip; <a href=\"https:\/\/www.labelleviededaniel.fr\/?page_id=1519\" class=\"more-link\">Continuer la lecture de <span class=\"screen-reader-text\">\u00ab\u00a0Pens\u00e9es en chemin\u00a0\u00bb de Axel Kahn, libre de poche, mai 2015<\/span> <span class=\"meta-nav\">&rarr;<\/span><\/a><\/p>\n","protected":false},"author":1,"featured_media":0,"parent":3284,"menu_order":0,"comment_status":"closed","ping_status":"closed","template":"","meta":{"footnotes":""},"class_list":["post-1519","page","type-page","status-publish","hentry"],"_links":{"self":[{"href":"https:\/\/www.labelleviededaniel.fr\/index.php?rest_route=\/wp\/v2\/pages\/1519","targetHints":{"allow":["GET"]}}],"collection":[{"href":"https:\/\/www.labelleviededaniel.fr\/index.php?rest_route=\/wp\/v2\/pages"}],"about":[{"href":"https:\/\/www.labelleviededaniel.fr\/index.php?rest_route=\/wp\/v2\/types\/page"}],"author":[{"embeddable":true,"href":"https:\/\/www.labelleviededaniel.fr\/index.php?rest_route=\/wp\/v2\/users\/1"}],"replies":[{"embeddable":true,"href":"https:\/\/www.labelleviededaniel.fr\/index.php?rest_route=%2Fwp%2Fv2%2Fcomments&post=1519"}],"version-history":[{"count":2,"href":"https:\/\/www.labelleviededaniel.fr\/index.php?rest_route=\/wp\/v2\/pages\/1519\/revisions"}],"predecessor-version":[{"id":1530,"href":"https:\/\/www.labelleviededaniel.fr\/index.php?rest_route=\/wp\/v2\/pages\/1519\/revisions\/1530"}],"up":[{"embeddable":true,"href":"https:\/\/www.labelleviededaniel.fr\/index.php?rest_route=\/wp\/v2\/pages\/3284"}],"wp:attachment":[{"href":"https:\/\/www.labelleviededaniel.fr\/index.php?rest_route=%2Fwp%2Fv2%2Fmedia&parent=1519"}],"curies":[{"name":"wp","href":"https:\/\/api.w.org\/{rel}","templated":true}]}}