{"id":271,"date":"2014-03-19T13:33:37","date_gmt":"2014-03-19T12:33:37","guid":{"rendered":"https:\/\/www.labelleviededaniel.fr\/?page_id=271"},"modified":"2020-08-03T17:28:19","modified_gmt":"2020-08-03T16:28:19","slug":"louis-pas-a-pas-de-gersande-et-francis-perrin-ed-jc-lattes-juin-2012","status":"publish","type":"page","link":"https:\/\/www.labelleviededaniel.fr\/?page_id=271","title":{"rendered":"\u00ab\u00a0Louis, pas \u00e0 pas\u00a0\u00bb de  Gersande et Francis Perrin, \u00e9d. JC Latt\u00e8s,  juin 2012"},"content":{"rendered":"<p><a href=\"https:\/\/www.labelleviededaniel.fr\/wp-content\/uploads\/2014\/03\/image-louis-pas-\u00e0-pas.jpg\"><img loading=\"lazy\" decoding=\"async\" class=\"size-medium wp-image-274 aligncenter\" src=\"https:\/\/www.labelleviededaniel.fr\/wp-content\/uploads\/2014\/03\/image-louis-pas-\u00e0-pas-190x300.jpg\" alt=\"image louis pas \u00e0 pas\" width=\"190\" height=\"300\" \/><\/a>Pr\u00e9ambule\u00a0:<\/p>\n<p>En lisant ce livre tr\u00e8s touchant, vraiment bouleversant et in fine positif, on comprend mieux pourquoi notre pays, La France, vient une nouvelle fois d\u2019\u00eatre condamn\u00e9 par le conseil de l\u2019Europe\u00a0 le 11 septembre 2013 (d\u00e9cision rendue publique seulement en f\u00e9vrier 2014\u00a0!) et <b>ce pour la troisi\u00e8me fois<\/b> pour ne pas avoir respect\u00e9 le droit \u00e0 la scolarisation des enfants autistes dans des \u00e9tablissements de droit commun.<\/p>\n<p>Il faut dire que le traitement\u00a0 appliqu\u00e9 \u00e0 Louis d\u00e8s \u00a0l\u2019\u00e2ge de trois ans\u00a0 lorsqu\u2019il est diagnostiqu\u00e9 autiste s\u00e9v\u00e8re et appel\u00e9 traitement ABA pour \u00ab\u00a0 Applied Behavior Analysis\u00a0\u00bb nous vient d\u2019outre Atlantique et est fond\u00e9 sur le traitement des aspects \u00ab\u00a0d\u00e9veloppementaux\u00a0\u00bb de l\u2019enfant autiste \u00a0enfin d\u2019en corriger\u00a0 les exc\u00e8s et les d\u00e9ficits comportementaux.<\/p>\n<p>Ce traitement, export\u00e9 de l\u2019\u00e9tranger, n\u2019a toujours pas \u00e0 ce jour <b>re\u00e7u l\u2019onction des puissantes \u00e9coles fran\u00e7aises de psychiatrie et de\u00a0 psychologie<\/b> qui continuent \u00a0d\u2019en combattre f\u00e9rocement les fondements sans rien proposer \u00a0en \u00e9change \u00e0 \u00a0des milliers de \u00a0familles en d\u00e9tresse\u2026<\/p>\n<p>D\u2019autre part l\u2019autisme comme indiqu\u00e9 dans le livre -n\u2019\u00e9tant pas une maladie mais un handicap ne requiert pas l\u2019usage de m\u00e9dicaments. Il n\u2019y a donc pas l\u00e0 mati\u00e8re \u00e0 \u00a0int\u00e9resser semble-t-il\u00a0 notre (puissante elle aussi) \u00a0\u00a0industrie pharmaceutique fran\u00e7aise\u2026<\/p>\n<p>Le livre\u00a0 est donc \u00a0le cri du c\u0153ur \u00a0principal \u00a0de Gersende son \u00e9pouse \u00a0et de Francis Perrin\u00a0; com\u00e9dien et homme de th\u00e9\u00e2tre fran\u00e7ais bien \u00a0connu.<\/p>\n<p>Par une \u00e9criture simple et d\u00e9licate, les parents de Louis nous font tour \u00e0 tour partager leur incompr\u00e9hension, leur indignation, leurs doutes, leurs joies et surtout leur amour pour Louis, jeune autiste qu&rsquo;on disait perdu.<br \/>\nSans jamais tomber dans le pathos et avec beaucoup de dignit\u00e9, ce livre met surtout en avant le retard fran\u00e7ais en mati\u00e8re de d\u00e9tection et de prise en charge de l&rsquo;autisme, pourtant d\u00e9clar\u00e9 \u00ab\u00a0Grande Cause Nationale\u00a0\u00bb en \u00a02012.<br \/>\nC\u2019est donc une plong\u00e9e au coeur du quotidien d&rsquo;une famille presque comme les autres, de ses difficult\u00e9s, de ses petits bonheurs, mais surtout un message d&rsquo;espoir pour les autistes et leurs familles.<\/p>\n<p>liens internet :<\/p>\n<p><a href=\"https:\/\/www.autisme-en-idf.org\/\">Autisme en Ile de France <\/a><\/p>\n<p><a title=\"Bulle d'Air\" href=\"http:\/\/www.centrebulledair.com\">Le centre de loisirs Bulle d&rsquo;Air<\/a><\/p>\n<p><a href=\"http:\/\/www.fondation-autisme.org\">Association fondation autisme agir et vaincre l&rsquo;autisme<\/a> :<\/p>\n<p><a title=\"ABA International\" href=\"http:\/\/www.abainternational.org\">ABA International<\/a><\/p>\n<p><a title=\"- European association for behavior analysis:\" href=\"http:\/\/europeanaba.org\">European association for behavior analysis:<\/a><\/p>\n<p><a href=\"http:\/\/abaautisme.org\">www.abaautisme.org<\/a><\/p>\n","protected":false},"excerpt":{"rendered":"<p>Pr\u00e9ambule\u00a0: En lisant ce livre tr\u00e8s touchant, vraiment bouleversant et in fine positif, on comprend mieux pourquoi notre pays, La France, vient une nouvelle fois d\u2019\u00eatre condamn\u00e9 par le conseil de l\u2019Europe\u00a0 le 11 septembre 2013 (d\u00e9cision rendue publique seulement en f\u00e9vrier 2014\u00a0!) et ce pour la troisi\u00e8me fois pour ne pas avoir respect\u00e9 le &hellip; <a href=\"https:\/\/www.labelleviededaniel.fr\/?page_id=271\" class=\"more-link\">Continuer la lecture de <span class=\"screen-reader-text\">\u00ab\u00a0Louis, pas \u00e0 pas\u00a0\u00bb de  Gersande et Francis Perrin, \u00e9d. JC Latt\u00e8s,  juin 2012<\/span> <span class=\"meta-nav\">&rarr;<\/span><\/a><\/p>\n","protected":false},"author":1,"featured_media":0,"parent":3284,"menu_order":0,"comment_status":"open","ping_status":"open","template":"","meta":{"footnotes":""},"class_list":["post-271","page","type-page","status-publish","hentry"],"_links":{"self":[{"href":"https:\/\/www.labelleviededaniel.fr\/index.php?rest_route=\/wp\/v2\/pages\/271","targetHints":{"allow":["GET"]}}],"collection":[{"href":"https:\/\/www.labelleviededaniel.fr\/index.php?rest_route=\/wp\/v2\/pages"}],"about":[{"href":"https:\/\/www.labelleviededaniel.fr\/index.php?rest_route=\/wp\/v2\/types\/page"}],"author":[{"embeddable":true,"href":"https:\/\/www.labelleviededaniel.fr\/index.php?rest_route=\/wp\/v2\/users\/1"}],"replies":[{"embeddable":true,"href":"https:\/\/www.labelleviededaniel.fr\/index.php?rest_route=%2Fwp%2Fv2%2Fcomments&post=271"}],"version-history":[{"count":21,"href":"https:\/\/www.labelleviededaniel.fr\/index.php?rest_route=\/wp\/v2\/pages\/271\/revisions"}],"predecessor-version":[{"id":8535,"href":"https:\/\/www.labelleviededaniel.fr\/index.php?rest_route=\/wp\/v2\/pages\/271\/revisions\/8535"}],"up":[{"embeddable":true,"href":"https:\/\/www.labelleviededaniel.fr\/index.php?rest_route=\/wp\/v2\/pages\/3284"}],"wp:attachment":[{"href":"https:\/\/www.labelleviededaniel.fr\/index.php?rest_route=%2Fwp%2Fv2%2Fmedia&parent=271"}],"curies":[{"name":"wp","href":"https:\/\/api.w.org\/{rel}","templated":true}]}}