{"id":4704,"date":"2017-01-06T19:14:10","date_gmt":"2017-01-06T18:14:10","guid":{"rendered":"https:\/\/www.labelleviededaniel.fr\/?page_id=4704"},"modified":"2022-06-06T08:58:54","modified_gmt":"2022-06-06T07:58:54","slug":"la-lune","status":"publish","type":"page","link":"https:\/\/www.labelleviededaniel.fr\/?page_id=4704","title":{"rendered":"La lune"},"content":{"rendered":"<h5 class=\"title-content\"><strong>source : \u00e9ducation France TV<\/strong><\/h5>\n<h5 class=\"title-content\"><strong>Formation de la lune dans le syst\u00e8me solaire<\/strong><\/h5>\n<h5 class=\"title-serie-program\"><strong>La lune dans tous ses \u00e9tats &#8211; La lune, de la terre \u00e0 la lune<\/strong><\/h5>\n<div>\n<section>Gr\u00e2ce \u00e0 la lune, on comprend comment les syst\u00e8me solaire s&rsquo;est form\u00e9. Lorsque le soleil est n\u00e9, il y a 4,5 milliards d&rsquo;ann\u00e9es, un disque de poussi\u00e8re et de gaz s&rsquo;est concentr\u00e9 autour de lui. Toute la mati\u00e8re \u00e9tait en mouvement,Les particules se sont cogn\u00e9es les unes contre les autres et se sont agr\u00e9g\u00e9es. Cela a donn\u00e9 un corps de plus en plus grand par ci et par l\u00e0, une fois devenus grand ces corps\u00a0ont exerc\u00e9\u00a0une certaine gravit\u00e9 . D&rsquo;autres particules ont \u00e9t\u00e9 attir\u00e9es. Gr\u00e2ce aux nouvelles technologies, on peut voir que certaines plan\u00e8tes se sont d\u00e9velopp\u00e9es de cette fa\u00e7on.<\/p>\n<div>\n<section>Il y a 4 milliards et demi d\u2019ann\u00e9es, un embryon plan\u00e9taire de la taille de Mars, nomm\u00e9 The\u00efa, a percut\u00e9 la Terre. Cet accouplement violent a donn\u00e9 naissance \u00e0 un nouveau corps c\u00e9leste dans notre ciel qui ne nous laisse pas indiff\u00e9rent : la Lune. Mais d\u2019o\u00f9 vient la Lune ? Je vous le demande ? On a beau \u00eatre dans la Lune, la d\u00e9crocher, la demander, la promettre, en tomber, la Lune est l\u00e0, et voil\u00e0 c\u2019est comme \u00e7a. Elle fait partie de notre d\u00e9cor c\u00e9leste. Et nous, ben\u00eats, on la c\u00e9l\u00e8bre, larme \u00e0 l\u2019\u0153il. Po\u00e8mes, photos, peinture\u2026musique. Et pourtant, sans la Lune, plus de clair de Lune, de croissant de Lune, de poisson Lune, de Lune de miel. Et encore moins d\u2019ami Pierrot. Ah ! Qu\u2019elle est belle notre Lune : elle influence l\u2019\u00e9volution des esp\u00e8ces, la p\u00eache, l\u2019agriculture, les saisons ou encore la date des f\u00eates religieuses\u2026<\/section>\n<section><\/section>\n<section><\/section>\n<\/div>\n<section><\/section>\n<\/section>\n<\/div>\n<p>&nbsp;<\/p>\n","protected":false},"excerpt":{"rendered":"<p>source : \u00e9ducation France TV Formation de la lune dans le syst\u00e8me solaire La lune dans tous ses \u00e9tats &#8211; La lune, de la terre \u00e0 la lune Gr\u00e2ce \u00e0 la lune, on comprend comment les syst\u00e8me solaire s&rsquo;est form\u00e9. Lorsque le soleil est n\u00e9, il y a 4,5 milliards d&rsquo;ann\u00e9es, un disque de poussi\u00e8re &hellip; <a href=\"https:\/\/www.labelleviededaniel.fr\/?page_id=4704\" class=\"more-link\">Continuer la lecture de <span class=\"screen-reader-text\">La lune<\/span> <span class=\"meta-nav\">&rarr;<\/span><\/a><\/p>\n","protected":false},"author":1,"featured_media":0,"parent":4702,"menu_order":0,"comment_status":"closed","ping_status":"closed","template":"","meta":{"footnotes":""},"class_list":["post-4704","page","type-page","status-publish","hentry"],"_links":{"self":[{"href":"https:\/\/www.labelleviededaniel.fr\/index.php?rest_route=\/wp\/v2\/pages\/4704","targetHints":{"allow":["GET"]}}],"collection":[{"href":"https:\/\/www.labelleviededaniel.fr\/index.php?rest_route=\/wp\/v2\/pages"}],"about":[{"href":"https:\/\/www.labelleviededaniel.fr\/index.php?rest_route=\/wp\/v2\/types\/page"}],"author":[{"embeddable":true,"href":"https:\/\/www.labelleviededaniel.fr\/index.php?rest_route=\/wp\/v2\/users\/1"}],"replies":[{"embeddable":true,"href":"https:\/\/www.labelleviededaniel.fr\/index.php?rest_route=%2Fwp%2Fv2%2Fcomments&post=4704"}],"version-history":[{"count":13,"href":"https:\/\/www.labelleviededaniel.fr\/index.php?rest_route=\/wp\/v2\/pages\/4704\/revisions"}],"predecessor-version":[{"id":9824,"href":"https:\/\/www.labelleviededaniel.fr\/index.php?rest_route=\/wp\/v2\/pages\/4704\/revisions\/9824"}],"up":[{"embeddable":true,"href":"https:\/\/www.labelleviededaniel.fr\/index.php?rest_route=\/wp\/v2\/pages\/4702"}],"wp:attachment":[{"href":"https:\/\/www.labelleviededaniel.fr\/index.php?rest_route=%2Fwp%2Fv2%2Fmedia&parent=4704"}],"curies":[{"name":"wp","href":"https:\/\/api.w.org\/{rel}","templated":true}]}}