{"id":4994,"date":"2017-03-23T16:47:04","date_gmt":"2017-03-23T15:47:04","guid":{"rendered":"https:\/\/www.labelleviededaniel.fr\/?page_id=4994"},"modified":"2017-03-23T16:58:02","modified_gmt":"2017-03-23T15:58:02","slug":"la-foret-de-saint-germain-en-laye","status":"publish","type":"page","link":"https:\/\/www.labelleviededaniel.fr\/?page_id=4994","title":{"rendered":"La for\u00eat de Saint-Germain-en-Laye"},"content":{"rendered":"<p>Vid\u00e9o de pr\u00e9sentation de l&rsquo; INA sur la for\u00eat de Saint-Germain-en-Laye:<br \/>\n<iframe loading=\"lazy\" src=\"https:\/\/player.ina.fr\/player\/embed\/PAC9707251366\/1\/1b0bd203fbcd702f9bc9b10ac3d0fc21\/wide\/1\" width=\"100%\" height=\"100%\" frameborder=\"0\" marginwidth=\"0\" marginheight=\"0\" scrolling=\"no\"><\/iframe><\/p>\n<p><a href=\"http:\/\/www.onf.fr\/enforet\/saint-germain\/explorer\/decouverte\/20130828-133101-774969\/@@index.html\">la for\u00eat de Saint-Germain-en-Laye ( site de l&rsquo;ONF)<\/a><\/p>\n<p><strong>Divers documents sur la for\u00eat de Sain-Germain-en-Laye<\/strong><br \/>\n<a href=\"https:\/\/www.labelleviededaniel.fr\/wp-content\/uploads\/2017\/03\/ONF_dossier_presse_foret_domaniale_StGermain.pdf\">ONF_dossier_presse_foret_domaniale_StGermain<\/a><\/p>\n","protected":false},"excerpt":{"rendered":"<p>Vid\u00e9o de pr\u00e9sentation de l&rsquo; INA sur la for\u00eat de Saint-Germain-en-Laye: la for\u00eat de Saint-Germain-en-Laye ( site de l&rsquo;ONF) Divers documents sur la for\u00eat de Sain-Germain-en-Laye ONF_dossier_presse_foret_domaniale_StGermain<\/p>\n","protected":false},"author":1,"featured_media":0,"parent":124,"menu_order":0,"comment_status":"closed","ping_status":"closed","template":"","meta":{"footnotes":""},"class_list":["post-4994","page","type-page","status-publish","hentry"],"_links":{"self":[{"href":"https:\/\/www.labelleviededaniel.fr\/index.php?rest_route=\/wp\/v2\/pages\/4994","targetHints":{"allow":["GET"]}}],"collection":[{"href":"https:\/\/www.labelleviededaniel.fr\/index.php?rest_route=\/wp\/v2\/pages"}],"about":[{"href":"https:\/\/www.labelleviededaniel.fr\/index.php?rest_route=\/wp\/v2\/types\/page"}],"author":[{"embeddable":true,"href":"https:\/\/www.labelleviededaniel.fr\/index.php?rest_route=\/wp\/v2\/users\/1"}],"replies":[{"embeddable":true,"href":"https:\/\/www.labelleviededaniel.fr\/index.php?rest_route=%2Fwp%2Fv2%2Fcomments&post=4994"}],"version-history":[{"count":5,"href":"https:\/\/www.labelleviededaniel.fr\/index.php?rest_route=\/wp\/v2\/pages\/4994\/revisions"}],"predecessor-version":[{"id":5001,"href":"https:\/\/www.labelleviededaniel.fr\/index.php?rest_route=\/wp\/v2\/pages\/4994\/revisions\/5001"}],"up":[{"embeddable":true,"href":"https:\/\/www.labelleviededaniel.fr\/index.php?rest_route=\/wp\/v2\/pages\/124"}],"wp:attachment":[{"href":"https:\/\/www.labelleviededaniel.fr\/index.php?rest_route=%2Fwp%2Fv2%2Fmedia&parent=4994"}],"curies":[{"name":"wp","href":"https:\/\/api.w.org\/{rel}","templated":true}]}}