{"id":5627,"date":"2017-09-23T09:20:45","date_gmt":"2017-09-23T08:20:45","guid":{"rendered":"https:\/\/www.labelleviededaniel.fr\/?page_id=5627"},"modified":"2023-05-18T16:20:52","modified_gmt":"2023-05-18T15:20:52","slug":"documents-divers-etat-civil","status":"publish","type":"page","link":"https:\/\/www.labelleviededaniel.fr\/?page_id=5627","title":{"rendered":"Documents divers  &#8211; Etat civil"},"content":{"rendered":"<p>Sosa N\u00b0 2 : Extrait de naissance de mon p\u00e8re, Mary BLONDEL<br \/>\n<a href=\"https:\/\/www.labelleviededaniel.fr\/wp-content\/uploads\/2017\/09\/1608extraitdenaissancedemonp\u00e8reMARYBLONDEL.pdf\">1608extraitdenaissancedemonp\u00e8reMARYBLONDEL<\/a><br \/>\n<a href=\"https:\/\/www.labelleviededaniel.fr\/wp-content\/uploads\/2018\/01\/actedenaissancecopieint\u00e9graleMaryBLONDEL.pdf\">actedenaissancecopieint\u00e9graleMaryBLONDEL<\/a><\/p>\n","protected":false},"excerpt":{"rendered":"<p>Sosa N\u00b0 2 : Extrait de naissance de mon p\u00e8re, Mary BLONDEL 1608extraitdenaissancedemonp\u00e8reMARYBLONDEL actedenaissancecopieint\u00e9graleMaryBLONDEL<\/p>\n","protected":false},"author":1,"featured_media":0,"parent":6481,"menu_order":0,"comment_status":"closed","ping_status":"closed","template":"","meta":{"footnotes":""},"class_list":["post-5627","page","type-page","status-publish","hentry"],"_links":{"self":[{"href":"https:\/\/www.labelleviededaniel.fr\/index.php?rest_route=\/wp\/v2\/pages\/5627","targetHints":{"allow":["GET"]}}],"collection":[{"href":"https:\/\/www.labelleviededaniel.fr\/index.php?rest_route=\/wp\/v2\/pages"}],"about":[{"href":"https:\/\/www.labelleviededaniel.fr\/index.php?rest_route=\/wp\/v2\/types\/page"}],"author":[{"embeddable":true,"href":"https:\/\/www.labelleviededaniel.fr\/index.php?rest_route=\/wp\/v2\/users\/1"}],"replies":[{"embeddable":true,"href":"https:\/\/www.labelleviededaniel.fr\/index.php?rest_route=%2Fwp%2Fv2%2Fcomments&post=5627"}],"version-history":[{"count":5,"href":"https:\/\/www.labelleviededaniel.fr\/index.php?rest_route=\/wp\/v2\/pages\/5627\/revisions"}],"predecessor-version":[{"id":6549,"href":"https:\/\/www.labelleviededaniel.fr\/index.php?rest_route=\/wp\/v2\/pages\/5627\/revisions\/6549"}],"up":[{"embeddable":true,"href":"https:\/\/www.labelleviededaniel.fr\/index.php?rest_route=\/wp\/v2\/pages\/6481"}],"wp:attachment":[{"href":"https:\/\/www.labelleviededaniel.fr\/index.php?rest_route=%2Fwp%2Fv2%2Fmedia&parent=5627"}],"curies":[{"name":"wp","href":"https:\/\/api.w.org\/{rel}","templated":true}]}}