{"id":7413,"date":"2018-11-22T11:50:39","date_gmt":"2018-11-22T10:50:39","guid":{"rendered":"https:\/\/www.labelleviededaniel.fr\/?page_id=7413"},"modified":"2019-11-13T09:07:56","modified_gmt":"2019-11-13T08:07:56","slug":"plouf-2018","status":"publish","type":"page","link":"https:\/\/www.labelleviededaniel.fr\/?page_id=7413","title":{"rendered":"Plouf 2018"},"content":{"rendered":"<p><strong>Documents du\u00a0 Plouf 2018 :<\/strong><br \/>\n<a href=\"https:\/\/www.labelleviededaniel.fr\/wp-content\/uploads\/2018\/11\/Plouf-2018-Programme-dengagement-des-de\u0301penses-AeIDF-v1-21112018.pdf\">Plouf 2018 &#8211; Programme d&rsquo;engagement des de\u0301penses AeIDF <\/a><br \/>\n<a href=\"https:\/\/www.labelleviededaniel.fr\/wp-content\/uploads\/2019\/04\/Bilan-Plouf-2018-150320192.pdf\">Bilan Plouf 2018_avec justificatifs pour l&rsquo; utilisation des 14 K\u20ac re\u00e7us en avril 2019<\/a><\/p>\n<p>&nbsp;<\/p>\n<p><strong>R\u00e9sultats financiers<\/strong><\/p>\n<p><strong>Photos et vid\u00e9os<\/strong><\/p>\n","protected":false},"excerpt":{"rendered":"<p>Documents du\u00a0 Plouf 2018 : Plouf 2018 &#8211; Programme d&rsquo;engagement des de\u0301penses AeIDF Bilan Plouf 2018_avec justificatifs pour l&rsquo; utilisation des 14 K\u20ac re\u00e7us en avril 2019 &nbsp; R\u00e9sultats financiers Photos et vid\u00e9os<\/p>\n","protected":false},"author":1,"featured_media":0,"parent":6577,"menu_order":0,"comment_status":"closed","ping_status":"closed","template":"","meta":{"footnotes":""},"class_list":["post-7413","page","type-page","status-publish","hentry"],"_links":{"self":[{"href":"https:\/\/www.labelleviededaniel.fr\/index.php?rest_route=\/wp\/v2\/pages\/7413","targetHints":{"allow":["GET"]}}],"collection":[{"href":"https:\/\/www.labelleviededaniel.fr\/index.php?rest_route=\/wp\/v2\/pages"}],"about":[{"href":"https:\/\/www.labelleviededaniel.fr\/index.php?rest_route=\/wp\/v2\/types\/page"}],"author":[{"embeddable":true,"href":"https:\/\/www.labelleviededaniel.fr\/index.php?rest_route=\/wp\/v2\/users\/1"}],"replies":[{"embeddable":true,"href":"https:\/\/www.labelleviededaniel.fr\/index.php?rest_route=%2Fwp%2Fv2%2Fcomments&post=7413"}],"version-history":[{"count":7,"href":"https:\/\/www.labelleviededaniel.fr\/index.php?rest_route=\/wp\/v2\/pages\/7413\/revisions"}],"predecessor-version":[{"id":8388,"href":"https:\/\/www.labelleviededaniel.fr\/index.php?rest_route=\/wp\/v2\/pages\/7413\/revisions\/8388"}],"up":[{"embeddable":true,"href":"https:\/\/www.labelleviededaniel.fr\/index.php?rest_route=\/wp\/v2\/pages\/6577"}],"wp:attachment":[{"href":"https:\/\/www.labelleviededaniel.fr\/index.php?rest_route=%2Fwp%2Fv2%2Fmedia&parent=7413"}],"curies":[{"name":"wp","href":"https:\/\/api.w.org\/{rel}","templated":true}]}}