{"id":797,"date":"2015-04-02T18:23:14","date_gmt":"2015-04-02T17:23:14","guid":{"rendered":"https:\/\/www.labelleviededaniel.fr\/?page_id=797"},"modified":"2021-10-21T07:36:15","modified_gmt":"2021-10-21T06:36:15","slug":"la-boucle-de-moisson-yvelines","status":"publish","type":"page","link":"https:\/\/www.labelleviededaniel.fr\/?page_id=797","title":{"rendered":"La Boucle de Moisson (Yvelines)"},"content":{"rendered":"<p>Entre Mantes et Bonni\u00e8res, la boucle de Moisson constitue le dernier m\u00e9andre de la Seine en \u00cele-de-France. Le site, isol\u00e9, est difficilement accessible malgr\u00e9 sa situation dans un secteur p\u00e9riurbain. Il ressemble \u00e0 une presqu\u2019\u00eele piquet\u00e9e de boisement avec des cheminements et des voies qui la contournent.<br \/>\nLa for\u00eat, mise en place \u00e0 la fin du XVIIIe si\u00e8cle sous l\u2019impulsion des derniers seigneurs de Moisson, \u00e9tait alors tr\u00e8s ouverte. Aujourd\u2019hui, la r\u00e9serve naturelle b\u00e9n\u00e9ficie d\u2019une sp\u00e9cificit\u00e9 paysag\u00e8re : une juxtaposition de pelouses, de landes et de boisements. La valeur floristique du site provient d\u2019un ensemble d\u2019esp\u00e8ces v\u00e9g\u00e9tales rares li\u00e9es \u00e0 ces milieux. Sur les coteaux calcaires se d\u00e9veloppent des pelouses et des boisements calcicoles. Des landes et des pelouses se concentrent sur la partie des terrasses alluviales. La grande lande \u00e0 callune situ\u00e9e \u00e0 l\u2019ouest de la for\u00eat de Moisson est aujourd\u2019hui prot\u00e9g\u00e9e tandis qu\u2019\u00e0 l\u2019est, les secteurs remblay\u00e9s sont colonis\u00e9s par les bruy\u00e8res et les gen\u00eats.<br \/>\nLa richesse ornithologique du site est remarquable. Une centaine d\u2019esp\u00e8ces y nichent dont l\u2019engoulevent d\u2019Europe et l\u2019\u0153dicn\u00e8me criard. On y trouve aussi des passereaux tel que le pipit des arbres, le pouillot fitis, la fauvette des jardins, le gros-bec, le gobemouche gris et la m\u00e9sange bor\u00e9ale.<br \/>\nPour les papillons, le territoire compte vingt-deux esp\u00e8ces prot\u00e9g\u00e9es dont cinq au plan national.<\/p>\n<p><a href=\"http:\/\/www.reserves-naturelles.org\/boucle-de-moisson\">source : r\u00e9serves naturelles <\/a>de France<\/p>\n<p title=\"\">Exp\u00e9rimentation de l&rsquo;\u00e9co-p\u00e2turage sur la r\u00e9serve r\u00e9gionale de la Boucle de Moisson<\/p>\n<p title=\"\">D\u00e8s ce d\u00e9but d\u2019\u00e9t\u00e9, un troupeau d\u2019une vingtaine de moutons et brebis de la race Suffolk* vont p\u00e2turer sur la r\u00e9serve r\u00e9gionale de la Boucle de Moisson, dans des prairies situ\u00e9es au niveau de la petite carri\u00e8re.<\/p>\n<p title=\"\">Le propri\u00e9taire du troupeau est Monsieur G\u00e9rard Ours, \u00e9galement maire de la commune de Mousseaux-sur-Seine. L&rsquo;Agence des espaces verts (AEV), am\u00e9nageur et gestionnaire du site, a sign\u00e9 avec lui une convention de mise \u00e0 disposition de terrains pour une dur\u00e9e de 5 ans : l\u2019AEV \u00e9quipe les parcs de p\u00e2turage en cl\u00f4tures, barri\u00e8res et point d\u2019eau. L\u2019\u00e9leveur en a l\u2019usage et s\u2019engage \u00e0 respecter un cahier d\u2019usage pr\u00e9cis (exs : p\u00e9riode de p\u00e2turage des animaux, nombre d\u2019animaux pr\u00e9sents, pas de traitements phytosanitaires, pas d\u2019affouragement \u2026.).<\/p>\n<p title=\"\">Un bilan sera fait annuellement pour ajuster les principes de mise en \u0153uvre, \u00e0 la fois pour le bien-\u00eatre des animaux et le bon entretien \u00e9cologique des prairies.<\/p>\n<p title=\"\">Un mode de gestion \u00e9cologique<\/p>\n<p title=\"\">Le p\u00e2turage ovin est un mode de gestion \u00e9cologique. Il permet de remplacer l\u2019usage des engins \u00e0 moteur par des herbivores. Il contribue \u00e0 r\u00e9duire les \u00e9missions de CO2, prot\u00e8ge le sol du tassement des machines et pr\u00e9serve par la m\u00eame occasion insectes et micromammif\u00e8res. Il \u00e9vite aussi \u00e0 la faune (et aux promeneurs !) d\u2019\u00eatre d\u00e9rang\u00e9s par les bruits m\u00e9caniques. Il pr\u00e9sente enfin l\u2019avantage d\u2019offrir un r\u00e9sultat moins homog\u00e8ne qu\u2019une fauche : les animaux consommant la v\u00e9g\u00e9tation de fa\u00e7on al\u00e9atoire, pi\u00e9tinent plus par endroits que d\u2019autres et laissent toujours des zones refuges pour la faune et la flore. Les moutons se nourrissent \u00e9galement des petits ligneux limitant ainsi la progression de la for\u00eat.<\/p>\n<p title=\"\">La rotation, comme en culture, peut \u00e9galement \u00eatre pratiqu\u00e9e. A Moisson, ce sont deux parcs clos qui ont \u00e9t\u00e9 install\u00e9s, sur une surface de 35 hectares, pour une mise en p\u00e2turage en alternance. Un couloir de pr\u00e8s de 6,5 hectares a \u00e9t\u00e9 laiss\u00e9 entre les deux afin de faciliter la circulation du gros gibier (notamment les sangliers) et \u00e9viter que celui-ci ne d\u00e9truise les cl\u00f4tures en place.<\/p>\n<p title=\"\">A Moisson, la gestion du site consiste \u00e0 conserver la mosa\u00efque de v\u00e9g\u00e9tations ouvertes (non bois\u00e9es) qui s\u2019est d\u00e9velopp\u00e9e depuis la fin des activit\u00e9s industrielles (la r\u00e9serve est une ancienne carri\u00e8re) : landes, pelouses sur sol sablonneux, fourr\u00e9s d\u2019ajoncs, zones d\u00e9nud\u00e9es de pierriers, ceinture bois\u00e9e de ch\u00eanes\u2026Ces milieux naturels diversifi\u00e9s abritent de nombreuses esp\u00e8ces d\u2019insectes (criquets, grillons, papillons), de plantes et d\u2019oiseaux, pour certaines tr\u00e8s rares en \u00cele-de-France.<\/p>\n<p title=\"\">Si le p\u00e2turage ovin mis en place offre des r\u00e9sultats concluants pour la pr\u00e9servation de cette faune et flore, la cr\u00e9ation de nouveaux parcs pourra \u00eatre envisag\u00e9e sur d\u2019autres secteurs de la R\u00e9serve.<\/p>\n<p title=\"\">Un atout pour l&rsquo;accueil du public<\/p>\n<p title=\"\">La pr\u00e9sence d&rsquo;un troupeau sur le site, a fortiori d\u2019animaux de race rustique, est un atout pour la promenade ! Elle constitue une source d\u2019agr\u00e9ment suppl\u00e9mentaire, en particulier pour les enfants. Elle est aussi l\u2019occasion de red\u00e9couvrir une pratique ancestrale, le pastoralisme, en rappelant ses b\u00e9n\u00e9fices sur les milieux, tout en remettant au go\u00fbt du jour des races domestiques abandonn\u00e9es.<\/p>\n<p title=\"\">L\u2019observation sera possible jusqu\u2019au mois d\u2019octobre. Ensuite, retour \u00e0 la bergerie\u2026.<\/p>\n<p title=\"\">* La race ovine Suffolk est une race ovine rustique originaire du Royaume-Uni, introduite en France \u00e0 la fin du XIX\u00e8me si\u00e8cle.<\/p>\n<p class=\"paraleft\" title=\"\"><a href=\"http:\/\/www.aev-iledefrance.fr\">Agence des espaces verts de la R\u00e9gion \u00cele-de-France<\/a><\/p>\n<h3>La derni\u00e8re boucle de Seine en \u00cele-de-France<\/h3>\n<p>\u00c0 80 km en aval de Paris, la Seine fait une double-boucle entre Mantes et Bonni\u00e8res.\u00a0La premi\u00e8re, au Nord-Ouest de Mantes-la-Jolie, est la boucle de Moisson. \u00c0 l\u2019int\u00e9rieur de cette boucle, sur les communes de Moisson et Mousseaux-sur-Seine, la R\u00e9serve naturelle r\u00e9gionale de la Boucle de Moisson s\u2019\u00e9tend sur une surface d\u2019environ 310 hectares.\u00a0Dans cette vall\u00e9e de la Seine, les reliefs sont \u00e9rod\u00e9s et la boucle de Moisson constitue un espace \u00e0 part, difficilement accessible. Seule une route, la D124, la traverse. Cette situation permet une meilleure pr\u00e9servation du site.\u00a0Aujourd\u2019hui la boucle ressemble \u00e0 une presqu\u2019\u00eele, piquet\u00e9e de boisements. Elle est confort\u00e9e par les cheminements et les voies qui la contournent.\u00a0Dans cette terre d\u2019exception, seuls les pi\u00e9tons, les cyclistes et les cavaliers sont invit\u00e9s \u00e0 circuler sur les chemins. \u00c0 cet effet, un sentier de petite randonn\u00e9e a \u00e9t\u00e9 am\u00e9nag\u00e9 sur son p\u00e9rim\u00e8tre. Il permet de d\u00e9couvrir ce site lumineux mais aussi de le pr\u00e9server en se promenant uniquement sur les contours.<\/p>\n<h3>Du fief du seigneur de la Roche-Guyon aux carri\u00e8res de sable<\/h3>\n<p>Le nom de la boucle de Moisson semble provenir de la v\u00e9g\u00e9tation en place : Moisson, du latin muscus, d\u00e9signe la mousse qui pousse sur les terres impr\u00e9gn\u00e9es d\u2019eau. La situation du village en bord de Seine semble justifier un tel nom.<br \/>\nCe sont donc ces terres humides et mar\u00e9cageuses que le seigneur de la Roche-Guyon fit siennes. Sa forteresse, b\u00e2tie dans la roche des falaises qui dominent la Seine, lui offrit une situation strat\u00e9gique id\u00e9ale.<br \/>\nCe fief devient, au XVIIIe si\u00e8cle, un territoire de choix pour la viticulture, l\u2019activit\u00e9 phare de l\u2019\u00e9poque. D\u2019autres productions se d\u00e9ploient, comme la culture de l\u2019asperge et des noyers.<br \/>\nC\u2019est vers 1750 que l\u2019essentiel du massif forestier se constitue sur la boucle, face au ch\u00e2teau de la Roche-Guyon, sous l\u2019impulsion des derniers seigneurs de Moisson, touch\u00e9s alors par une crise viticole.<br \/>\nLe d\u00e9clin de la viticulture se poursuit au XIXe si\u00e8cle : les terres de la boucle de Moisson sont alors reconverties dans le mara\u00eechage ainsi que dans les cultures fruiti\u00e8res.<br \/>\nLa for\u00eat, elle, est rachet\u00e9e par une puissante famille industrielle. Elle conna\u00eet diverses utilisations \u00e0 partir de cette \u00e9poque. Les Lebaudy, premiers acheteurs, y installent leur usine de fabrication de ballons dirigeables. Mais avec la premi\u00e8re Guerre mondiale, la production cesse, l\u2019usine est d\u00e9mont\u00e9e et cette plaine de la ballonni\u00e8re n\u2019est plus qu\u2019une lande de gen\u00eats.<br \/>\nEn 1947, la boucle de Moisson sert de site de rassemblement de la jeunesse scout : un \u00ab Jambor\u00e9e \u00bb accueille pr\u00e8s de 30 000 scouts et 300 000 visiteurs. Elle conna\u00eet dans le m\u00eame temps une p\u00e9riode d\u2019am\u00e9nagements lourds pour l\u2019environnement : goudronnage de routes, mise en place d\u2019un r\u00e9seau d\u2019\u00e9lectricit\u00e9 et d\u2019eau, etc.<br \/>\nVendu en 1949, le site de Moisson est alors d\u00e9bois\u00e9 avant d\u2019\u00eatre exploit\u00e9 par la Compagnie des Sabli\u00e8res de la Seine. Les gisements d\u2019alluvions de la boucle alimentent en mat\u00e9riaux le bassin de Paris. En 1992, la R\u00e9gion acquiert le domaine.<\/p>\n<h3>Une double certification \u2026<\/h3>\n<p>Le territoire est class\u00e9\u00a0 Natura 2000, illustrant sa reconnaissance \u00e0 l\u2019\u00e9chelle europ\u00e9enne. Et du fait de sa grande valeur floristique, faunistique et g\u00e9ologique, la boucle de Moisson a \u00e9galement \u00e9t\u00e9 class\u00e9e R\u00e9serve naturelle r\u00e9gionale en 2009. Le site pr\u00e9sente en effet un int\u00e9r\u00eat exceptionnel pour la r\u00e9gion, qui se caract\u00e9rise par la pr\u00e9sence d\u2019habitats et d\u2019esp\u00e8ces rarissimes et \u00e0 tr\u00e8s forte valeur patrimoniale en \u00cele-de-France.<\/p>\n<h3>\u2026 pour pr\u00e9server une biodiversit\u00e9 rare<\/h3>\n<p>L\u2019int\u00e9r\u00eat zoologique majeur de la r\u00e9serve est la diversit\u00e9 exceptionnelle de sa faune : 109 esp\u00e8ces d\u2019oiseaux ont \u00e9t\u00e9 recens\u00e9es, dont 59 nicheuses et 16 esp\u00e8ces remarquables \u00e0 l\u2019\u00e9chelle francilienne.<br \/>\nParmi elles, on trouve l\u2019Alouette lulu, le Tarier des pr\u00e9s et l&rsquo;Oedicn\u00e8me criard. Reconnaissable \u00e0 son cri cr\u00e9pusculaire, il arrive dans la r\u00e9gion \u00e0 la fin du mois de f\u00e9vrier pour repartir migrer vers les p\u00e9ninsules ib\u00e9riques et l\u2019Afrique du Nord en octobre. A Moisson, il appr\u00e9cie tout particuli\u00e8rement les milieux perturb\u00e9s rocailleux, \u00e0 l\u2019image des steppes africaines.<br \/>\nLandes, baies et bois abritent \u00e9galement nombre de ses cong\u00e9n\u00e8res comme l\u2019Engoulevent d\u2019Europe, le Torcol fourmilier et le Pic noir.<br \/>\nMoisson abrite \u00e9galement 218 esp\u00e8ces de papillons comme le Demi-deuil ou la M\u00e9lit\u00e9e du M\u00e9lampre.<br \/>\nD\u2019autres esp\u00e8ces s\u2019y abritent, comme le synuque des bois, la mante religieuse, le grillon d\u2019Italie ou encore la vip\u00e8re p\u00e9liade.<br \/>\nQuant \u00e0 la valeur floristique du site, elle provient d\u2019un ensemble d\u2019esp\u00e8ces v\u00e9g\u00e9tales rares. Les pelouses de thym et de sedum, exceptionnelles en r\u00e9gion \u00cele-de-France, poss\u00e8dent un cort\u00e8ge rare d\u2019esp\u00e8ces floristiques \u00e0 l\u2019\u00e9chelle du Bassin parisien. Elles occupent pour partie des sols remani\u00e9s.<br \/>\nMoisson se caract\u00e9rise \u00e9galement par la pr\u00e9sence de pelouses sablonneuses, qui abritent la rarissime la\u00eeche des sables. Enfin, dans sa Ch\u00eanaie pousse le Ch\u00eane tauzin, esp\u00e8ce m\u00e9ridionale r\u00e9put\u00e9e.<\/p>\n<p>&nbsp;<\/p>\n<p><a href=\"https:\/\/www.labelleviededaniel.fr\/wp-content\/uploads\/2015\/04\/WP_20150323_011.jpg\"><img loading=\"lazy\" decoding=\"async\" class=\"size-medium wp-image-816 aligncenter\" src=\"https:\/\/www.labelleviededaniel.fr\/wp-content\/uploads\/2015\/04\/WP_20150323_011-300x168.jpg\" alt=\"WP_20150323_011\" width=\"300\" height=\"168\" \/><\/a><a href=\"https:\/\/www.labelleviededaniel.fr\/wp-content\/uploads\/2015\/04\/WP_20150323_029.jpg\"><img loading=\"lazy\" decoding=\"async\" class=\"size-medium wp-image-834 aligncenter\" src=\"https:\/\/www.labelleviededaniel.fr\/wp-content\/uploads\/2015\/04\/WP_20150323_029-300x168.jpg\" alt=\"WP_20150323_029\" width=\"300\" height=\"168\" \/><\/a><\/p>\n<p style=\"text-align: center;\"><a href=\"https:\/\/www.labelleviededaniel.fr\/wp-content\/uploads\/2015\/04\/WP_20150323_026.jpg\"><img loading=\"lazy\" decoding=\"async\" class=\"alignnone size-medium wp-image-831\" src=\"https:\/\/www.labelleviededaniel.fr\/wp-content\/uploads\/2015\/04\/WP_20150323_026-300x168.jpg\" alt=\"WP_20150323_026\" width=\"300\" height=\"168\" \/><\/a><\/p>\n<p style=\"text-align: center;\"><a href=\"https:\/\/www.labelleviededaniel.fr\/wp-content\/uploads\/2015\/04\/WP_20150323_025.jpg\"><img loading=\"lazy\" decoding=\"async\" class=\"alignnone size-medium wp-image-830\" src=\"https:\/\/www.labelleviededaniel.fr\/wp-content\/uploads\/2015\/04\/WP_20150323_025-300x168.jpg\" alt=\"WP_20150323_025\" width=\"300\" height=\"168\" \/><\/a><\/p>\n<p style=\"text-align: center;\"><a href=\"https:\/\/www.labelleviededaniel.fr\/wp-content\/uploads\/2015\/04\/WP_20150323_024.jpg\"><img loading=\"lazy\" decoding=\"async\" class=\"alignnone size-medium wp-image-829\" src=\"https:\/\/www.labelleviededaniel.fr\/wp-content\/uploads\/2015\/04\/WP_20150323_024-300x168.jpg\" alt=\"WP_20150323_024\" width=\"300\" height=\"168\" \/><\/a><\/p>\n<p style=\"text-align: center;\"><a href=\"https:\/\/www.labelleviededaniel.fr\/wp-content\/uploads\/2015\/04\/WP_20150323_022.jpg\"><img loading=\"lazy\" decoding=\"async\" class=\"alignnone size-medium wp-image-827\" src=\"https:\/\/www.labelleviededaniel.fr\/wp-content\/uploads\/2015\/04\/WP_20150323_022-300x168.jpg\" alt=\"WP_20150323_022\" width=\"300\" height=\"168\" \/><\/a><\/p>\n<p style=\"text-align: center;\"><a href=\"https:\/\/www.labelleviededaniel.fr\/wp-content\/uploads\/2015\/04\/WP_20150323_021.jpg\"><img loading=\"lazy\" decoding=\"async\" class=\"alignnone size-medium wp-image-826\" src=\"https:\/\/www.labelleviededaniel.fr\/wp-content\/uploads\/2015\/04\/WP_20150323_021-300x168.jpg\" alt=\"WP_20150323_021\" width=\"300\" height=\"168\" \/><\/a><\/p>\n<p style=\"text-align: center;\"><a href=\"https:\/\/www.labelleviededaniel.fr\/wp-content\/uploads\/2015\/04\/WP_20150323_016.jpg\"><img loading=\"lazy\" decoding=\"async\" class=\"alignnone size-medium wp-image-821\" src=\"https:\/\/www.labelleviededaniel.fr\/wp-content\/uploads\/2015\/04\/WP_20150323_016-300x168.jpg\" alt=\"WP_20150323_016\" width=\"300\" height=\"168\" \/><\/a><\/p>\n<p style=\"text-align: center;\"><a href=\"https:\/\/www.labelleviededaniel.fr\/wp-content\/uploads\/2015\/04\/WP_20150323_014.jpg\"><img loading=\"lazy\" decoding=\"async\" class=\"alignnone size-medium wp-image-819\" src=\"https:\/\/www.labelleviededaniel.fr\/wp-content\/uploads\/2015\/04\/WP_20150323_014-300x168.jpg\" alt=\"WP_20150323_014\" width=\"300\" height=\"168\" \/><\/a><\/p>\n<p style=\"text-align: center;\"><a href=\"https:\/\/www.labelleviededaniel.fr\/wp-content\/uploads\/2015\/04\/WP_20150323_009.jpg\"><img loading=\"lazy\" decoding=\"async\" class=\"alignnone size-medium wp-image-814\" src=\"https:\/\/www.labelleviededaniel.fr\/wp-content\/uploads\/2015\/04\/WP_20150323_009-300x168.jpg\" alt=\"WP_20150323_009\" width=\"300\" height=\"168\" \/><\/a><\/p>\n<p style=\"text-align: center;\"><a href=\"https:\/\/www.labelleviededaniel.fr\/wp-content\/uploads\/2015\/04\/WP_20150323_005.jpg\"><img loading=\"lazy\" decoding=\"async\" class=\"alignnone size-medium wp-image-810\" src=\"https:\/\/www.labelleviededaniel.fr\/wp-content\/uploads\/2015\/04\/WP_20150323_005-300x168.jpg\" alt=\"WP_20150323_005\" width=\"300\" height=\"168\" \/><\/a><\/p>\n<p style=\"text-align: center;\"><a href=\"https:\/\/www.labelleviededaniel.fr\/wp-content\/uploads\/2015\/04\/v\u00e9theuil.jpg\"><img loading=\"lazy\" decoding=\"async\" class=\"alignnone size-medium wp-image-805\" src=\"https:\/\/www.labelleviededaniel.fr\/wp-content\/uploads\/2015\/04\/v\u00e9theuil-300x222.jpg\" alt=\"v\u00e9theuil\" width=\"300\" height=\"222\" \/><\/a><\/p>\n<p style=\"text-align: center;\"><a href=\"https:\/\/www.labelleviededaniel.fr\/wp-content\/uploads\/2015\/04\/image_img_44.vetheuil.27894.jpg\"><img loading=\"lazy\" decoding=\"async\" class=\"alignnone size-medium wp-image-798\" src=\"https:\/\/www.labelleviededaniel.fr\/wp-content\/uploads\/2015\/04\/image_img_44.vetheuil.27894-300x198.jpg\" alt=\"image_img_44.vetheuil.27894\" width=\"300\" height=\"198\" \/><\/a><\/p>\n<p style=\"text-align: left;\"><a href=\"https:\/\/www.labelleviededaniel.fr\/wp-content\/uploads\/2015\/04\/phoca_thumb_l_Moisson_001.jpg\"><img loading=\"lazy\" decoding=\"async\" class=\"size-medium wp-image-799 aligncenter\" src=\"https:\/\/www.labelleviededaniel.fr\/wp-content\/uploads\/2015\/04\/phoca_thumb_l_Moisson_001-300x225.jpg\" alt=\"phoca_thumb_l_Moisson_001\" width=\"300\" height=\"225\" \/><\/a>La boucle de Moisson ( PR 1 ) du\u00a0 topo guide des Yvelines d\u00e9marre dans le village de Mousseaux\u00a0 situ\u00e9 \u00e0 15 km de Mantes.<\/p>\n<p style=\"text-align: left;\">Nous sommes au coeur d&rsquo;une r\u00e9serve naturelle r\u00e9gionale se caract\u00e9risant par une grande bio diversit\u00e9 et des paysages\u00a0 vraiment originaux.<\/p>\n<p style=\"text-align: center;\">\n","protected":false},"excerpt":{"rendered":"<p>Entre Mantes et Bonni\u00e8res, la boucle de Moisson constitue le dernier m\u00e9andre de la Seine en \u00cele-de-France. Le site, isol\u00e9, est difficilement accessible malgr\u00e9 sa situation dans un secteur p\u00e9riurbain. Il ressemble \u00e0 une presqu\u2019\u00eele piquet\u00e9e de boisement avec des cheminements et des voies qui la contournent. La for\u00eat, mise en place \u00e0 la fin &hellip; <a href=\"https:\/\/www.labelleviededaniel.fr\/?page_id=797\" class=\"more-link\">Continuer la lecture de <span class=\"screen-reader-text\">La Boucle de Moisson (Yvelines)<\/span> <span class=\"meta-nav\">&rarr;<\/span><\/a><\/p>\n","protected":false},"author":1,"featured_media":0,"parent":124,"menu_order":0,"comment_status":"open","ping_status":"open","template":"","meta":{"footnotes":""},"class_list":["post-797","page","type-page","status-publish","hentry"],"_links":{"self":[{"href":"https:\/\/www.labelleviededaniel.fr\/index.php?rest_route=\/wp\/v2\/pages\/797","targetHints":{"allow":["GET"]}}],"collection":[{"href":"https:\/\/www.labelleviededaniel.fr\/index.php?rest_route=\/wp\/v2\/pages"}],"about":[{"href":"https:\/\/www.labelleviededaniel.fr\/index.php?rest_route=\/wp\/v2\/types\/page"}],"author":[{"embeddable":true,"href":"https:\/\/www.labelleviededaniel.fr\/index.php?rest_route=\/wp\/v2\/users\/1"}],"replies":[{"embeddable":true,"href":"https:\/\/www.labelleviededaniel.fr\/index.php?rest_route=%2Fwp%2Fv2%2Fcomments&post=797"}],"version-history":[{"count":10,"href":"https:\/\/www.labelleviededaniel.fr\/index.php?rest_route=\/wp\/v2\/pages\/797\/revisions"}],"predecessor-version":[{"id":9267,"href":"https:\/\/www.labelleviededaniel.fr\/index.php?rest_route=\/wp\/v2\/pages\/797\/revisions\/9267"}],"up":[{"embeddable":true,"href":"https:\/\/www.labelleviededaniel.fr\/index.php?rest_route=\/wp\/v2\/pages\/124"}],"wp:attachment":[{"href":"https:\/\/www.labelleviededaniel.fr\/index.php?rest_route=%2Fwp%2Fv2%2Fmedia&parent=797"}],"curies":[{"name":"wp","href":"https:\/\/api.w.org\/{rel}","templated":true}]}}