{"id":8465,"date":"2020-05-13T05:59:52","date_gmt":"2020-05-13T04:59:52","guid":{"rendered":"https:\/\/www.labelleviededaniel.fr\/?page_id=8465"},"modified":"2020-05-13T06:02:30","modified_gmt":"2020-05-13T05:02:30","slug":"marche-consciente","status":"publish","type":"page","link":"https:\/\/www.labelleviededaniel.fr\/?page_id=8465","title":{"rendered":"Marche consciente"},"content":{"rendered":"<p>Exercices de marche consciente appris lors d&rsquo;un stage du CNOF \u00e0 la D\u00e9fense \u00e0 Paris<br \/>\n<a href=\"https:\/\/www.labelleviededaniel.fr\/wp-content\/uploads\/2020\/05\/respiration-consciente_1.pdf\">respiration consciente_1<\/a><br \/>\n<a href=\"https:\/\/www.labelleviededaniel.fr\/wp-content\/uploads\/2020\/05\/respiration-consciente_2.pdf\">respiration consciente_2<\/a><\/p>\n<p>&nbsp;<\/p>\n","protected":false},"excerpt":{"rendered":"<p>Exercices de marche consciente appris lors d&rsquo;un stage du CNOF \u00e0 la D\u00e9fense \u00e0 Paris respiration consciente_1 respiration consciente_2 &nbsp;<\/p>\n","protected":false},"author":1,"featured_media":0,"parent":6855,"menu_order":0,"comment_status":"closed","ping_status":"closed","template":"","meta":{"footnotes":""},"class_list":["post-8465","page","type-page","status-publish","hentry"],"_links":{"self":[{"href":"https:\/\/www.labelleviededaniel.fr\/index.php?rest_route=\/wp\/v2\/pages\/8465","targetHints":{"allow":["GET"]}}],"collection":[{"href":"https:\/\/www.labelleviededaniel.fr\/index.php?rest_route=\/wp\/v2\/pages"}],"about":[{"href":"https:\/\/www.labelleviededaniel.fr\/index.php?rest_route=\/wp\/v2\/types\/page"}],"author":[{"embeddable":true,"href":"https:\/\/www.labelleviededaniel.fr\/index.php?rest_route=\/wp\/v2\/users\/1"}],"replies":[{"embeddable":true,"href":"https:\/\/www.labelleviededaniel.fr\/index.php?rest_route=%2Fwp%2Fv2%2Fcomments&post=8465"}],"version-history":[{"count":3,"href":"https:\/\/www.labelleviededaniel.fr\/index.php?rest_route=\/wp\/v2\/pages\/8465\/revisions"}],"predecessor-version":[{"id":8470,"href":"https:\/\/www.labelleviededaniel.fr\/index.php?rest_route=\/wp\/v2\/pages\/8465\/revisions\/8470"}],"up":[{"embeddable":true,"href":"https:\/\/www.labelleviededaniel.fr\/index.php?rest_route=\/wp\/v2\/pages\/6855"}],"wp:attachment":[{"href":"https:\/\/www.labelleviededaniel.fr\/index.php?rest_route=%2Fwp%2Fv2%2Fmedia&parent=8465"}],"curies":[{"name":"wp","href":"https:\/\/api.w.org\/{rel}","templated":true}]}}